28.
918
What is the remainder when 5647 is divided by 767?
278
What is the remainder when 6568 is divided by 729?
7
Calculate the remainder when 22849 is divided by 1135.
149
Calculate the remainder when 16601 is divided by 18.
5
Calculate the remainder when 554 is divided by 106.
24
What is the remainder when 23663 is divided by 116?
115
What is the remainder when 1316 is divided by 147?
140
What is the remainder when 2434 is divided by 9?
4
Calculate the remainder when 1672179 is divided by 21.
12
What is the remainder when 1767273 is divided by 49?
39
Calculate the remainder when 252042 is divided by 1212.
1158
Calculate the remainder when 216181 is divided by 72056.
13
What is the remainder when 20465 is divided by 244?
213
What is the remainder when 2270 is divided by 114?
104
Calculate the remainder when 3287 is divided by 71.
21
Calculate the remainder when 77059 is divided by 44.
15
Calculate the remainder when 304603 is divided by 17.
14
Calculate the remainder when 16841 is divided by 26.
19
What is the remainder when 16167 is divided by 386?
341
Calculate the remainder when 2456 is divided by 307.
0
Calculate the remainder when 2481564 is divided by 571.
569
What is the remainder when 16632 is divided by 511?
280
Calculate the remainder when 2883 is divided by 223.
207
Calculate the remainder when 80498 is divided by 644.
642
Calculate the remainder when 2071 is divided by 306.
235
What is the remainder when 5019 is divided by 134?
61
What is the remainder when 6608 is divided by 29?
25
Calculate the remainder when 17666 is divided by 25.
16
What is the remainder when 37904 is divided by 9473?
12
Calculate the remainder when 32084 is divided by 131.
120
Calculate the remainder when 149027 is divided by 29802.
17
Calculate the remainder when 24962 is divided by 295.
182
What is the remainder when 10211 is divided by 1466?
1415
Calculate the remainder when 81770 is divided by 13616.
74
Calculate the remainder when 8159 is divided by 6.
5
Calculate the remainder when 1608 is divided by 501.
105
What is the remainder when 88503 is divided by 18?
15
Calculate the remainder when 20000 is divided by 72.
56
Calculate the remainder when 35327 is divided by 1145.
977
Calculate the remainder when 21045 is divided by 2337.
12
What is the remainder when 260096 is divided by 300?
296
What is the remainder when 132466 is divided by 48?
34
Calculate the remainder when 10771 is divided by 366.
157
What is the remainder when 32913 is divided by 26?
23
What is the remainder when 3893 is divided by 854?
477
What is the remainder when 29010 is divided by 26?
20
Calculate the remainder when 74373 is divided by 56.
5
What is the remainder when 425929 is divided by 223?
222
What is the remainder when 7528 is divided by 228?
4
What is the remainder when 29583 is divided by 62?
9
What is the remainder when 1258 is divided by 380?
118
Calculate the remainder when 6168 is divided by 6085.
83
Calculate the remainder when 27017 is divided by 10.
7
Calculate the remainder when 372 is divided by 19.
11
What is the remainder when 135150 is divided by 27030?
0
What is the remainder when 36790 is divided by 72?
70
Calculate the remainder when 1199 is divided by 17.
9
What is the remainder when 17032 is divided by 739?
35
Calculate the remainder when 69540 is divided by 2243.
7
What is the remainder when 221469 is divided by 371?
353
What is the remainder when 41818 is divided by 175?
168
What is the remainder when 39433 is divided by 68?
61
Calculate the remainder when 6556 is divided by 134.
124
Calculate the remainder when 6528 is divided by 71.
67
What is the remainder when 57311 is divided by 43?
35
What is the remainder when 47680 is divided by 2166?
28
Calculate the remainder when 7889 is divided by 655.
29
What is the remainder when 32143 is divided by 19?
14
Calculate the remainder when 12894 is divided by 804.
30
What is the remainder when 20076 is divided by 5017?
8
Calculate the remainder when 131614 is divided by 97.
82
Calculate the remainder when 12463 is divided by 16.
15
What is the remainder when 6998 is divided by 6?
2
What is the remainder when 160654 is divided by 160640?
14
What is the remainder when 71818 is divided by 85?
78
What is the remainder when 20679 is divided by 791?
113
Calculate the remainder when 8014 is divided by 286.
6
What is the remainder when 177065 is divided by 18?
17
What is the remainder when 38509 is divided by 35?
9
Calculate the remainder when 20801 is divided by 34.
27
What is the remainder when 333379 is divided by 348?
343
What is the remainder when 52906 is divided by 443?
189
Calculate the remainder when 1089745 is divided by 363246.
7
Calculate the remainder when 53646 is divided by 61.
27
What is the remainder when 2102 is divided by 39?
35
Calculate the remainder when 6468 is divided by 1716.
1320
Calculate the remainder when 1248 is divided by 875.
373
Calculate the remainder when 4128 is divided by 480.
288
What is the remainder when 65405 is divided by 130?
15
What is the remainder when 69429 is divided by 23140?
9
Calculate the remainder when 229847 is divided by 122.
121
What is the remainder when 1236 is divided by 309?
0
Calculate the remainder when 7015 is divided by 2325.
40
Calculate the remainder when 270 is divided by 213.
57
What is the remainder when 30400 is divided by 6?
4
What is the remainder when 1094 is divided by 244?
118
Calculate the remainder when 329743 is divided by 74.
73
Calculate the remainder when 16370 is divided by 133.
11
Calculate the remainder when 54311 is divided by 355.
351
What is the remainder when 1758 is divided by 465?
363
Calculate the remainder when 7569 is divided by 1079.
16
What is the remainder when 204929 is divided by 162?
161
Calculate the remainder when 9955513 is divided by 1635.
1633
Calculate the remainder when 6956 is divided by 367.
350
Calculate the remainder when 44352 is divided by 35.
7
Calculate the remainder when 1827 is divided by 1761.
66
What is the remainder when 1478 is divided by 78?
74
What is the remainder when 470 is divided by 70?
50
Calculate the remainder when 6107 is divided by 176.
123
Calculate the remainder when 186435 is divided by 93207.
21
What is the remainder when 4920 is divided by 1108?
488
What is the remainder when 699275 is divided by 5506?
13
Calculate the remainder when 282217 is divided by 103.
100
Calculate the remainder when 4986 is divided by 192.
186
Calculate the remainder when 143519 is divided by 363.
134
What is the remainder when 21484 is divided by 10355?
774
What is the remainder when 358298 is divided by 67?
49
What is the remainder when 86942 is divided by 6685?
37
What is the remainder when 1485 is divided by 164?
9
Calculate the remainder when 9297 is divided by 518.
491
What is the remainder when 13673 is divided by 258?
257
Calculate the remainder when 245820 is divided by 1046.
10
Calculate the remainder when 9509 is divided by 596.
569
Calculate the remainder when 1026321 is divided by 34.
31
What is the remainder when 2951758 is divided by 84?
82
Calculate the remainder when 1252 is divided by 124.
12
What is the remainder when 33657 is divided by 90?
87
What is the remainder when 1197 is divided by 75?
72
What is the remainder when 787 is divided by 197?
196
What is the remainder when 53317 is divided by 5331?
7
What is the remainder when 48879 is divided by 1192?
7
Calculate the remainder when 1577 is divided by 565.
447
What is the remainder when 361 is divided by 177?
7
What is the remainder when 5342 is divided by 1197?
554
Calculate the remainder when 27629 is divided by 9206.
11
Calculate the remainder when 7572 is divided by 541.
539
Calculate the remainder when 6052 is divided by 166.
76
What is the remainder when 7657 is divided by 7?
6
What is the remainder when 3264 is divided by 533?
66
What is the remainder when 7102 is divided by 29?
26
Calculate the remainder when 661075 is divided by 210.
205
What is the remainder when 352474 is divided by 32?
26
Calculate the remainder when 189538 is divided by 13.
11
Calculate the remainder when 1540 is divided by 21.
7
Calculate the remainder when 20350 is divided by 2542.
14
What is the remainder when 265065 is divided by 957?
933
Calculate t